 and 11?
11
Let b(n) = 57*n - 2. Let o be b(5). Let y = o - 155. Suppose 0 = 5*w + 18 - y. Calculate the highest common factor of w and 11.
11
Suppose -n = w - 53, -n + 230 = 3*n - 2*w. Calculate the highest common factor of 14 and n.
14
Let i = -17 - -19. Calculate the highest common factor of 5 and i.
1
Let z = 15 + -10. Suppose z*i + 46 = 146. What is the highest common factor of 10 and i?
10
Suppose 35 = 5*r - 5. Let p = -55 - -111. What is the highest common factor of r and p?
8
Let v(h) = -3*h - 7. Let q be v(-5). Calculate the greatest common factor of 24 and q.
8
Let r(l) = -l - 2. Let v be r(-6). Calculate the highest common factor of v and 32.
4
Let b(s) = 171 - 171 - 18*s. Let j be b(-1). What is the highest common divisor of j and 72?
18
Let p(g) = 4*g**2 + 1. Let b be p(3). Let w = -22 + b. Let h be (w + -1)/(8/20). Calculate the greatest common factor of h and 5.
5
Suppose -6*f + 209 + 169 = 0. Calculate the highest common divisor of 105 and f.
21
Let q = 16 - 3. Suppose 2*a - q = 23. Calculate the greatest common factor of 27 and a.
9
Let v(h) = 23*h**2 - 13*h - 6. Let n(r) = 11*r**2 - 6*r - 3. Let i(w) = 13*n(w) - 6*v(w). Let g be i(3). What is the greatest common divisor of 14 and g?
14
Suppose 5*z - 2*d - 10 = z, 5*z - 2*d = 11. Suppose -3*g - 2*g = -55. What is the greatest common factor of z and g?
1
Let c be 8*1 - 5/5. Let u be 2*(23/6 - 2/6). What is the greatest common factor of u and c?
7
Suppose 176 = -3*t + 566. Let f be t/15 + 1/3. Suppose -5*d + 35 = 5*o, 4*d + 3*o - 19 = f. What is the greatest common factor of 49 and d?
7
Let u = -92 - -301. Calculate the highest common factor of 11 and u.
11
Suppose -17 = -2*c - 1. Let x(b) = -b**3 - 7*b**2 - 4*b + 4. Let t be x(-7). What is the highest common factor of c and t?
8
Suppose -7 = -4*p + 1. Suppose -c - 45 = -3*j, 3*j + p*c = -0*c + 54. What is the greatest common divisor of j and 64?
16
Suppose 0 = 5*b + 5*t - 740, 5*b + 2*t - 247 = 508. Calculate the greatest common divisor of 17 and b.
17
Suppose 5*i = -3*k + 13 + 104, 0 = 5*i - 2*k - 122. What is the greatest common factor of i and 6?
6
Let d(u) = -2*u + 4. Let b be -10*(18/15)/3. Let r be d(b). What is the highest common divisor of 30 and r?
6
Let g = -7 + -1. Let o be g/((-7 + 3)/2). Let p be 17*(o + -3 - 0). What is the greatest common factor of p and 85?
17
Let p be ((-4)/10)/(2/20). Let m be (6/(-9))/(p/54). Let t(l) = l. Let u be t(3). Calculate the highest common divisor of m and u.
3
Let w be 14 - ((-6)/(-3) - 0). Let b be (w/10)/((-1)/(-10)). What is the greatest common factor of 6 and b?
6
Suppose c = -3*c + 24. Suppose 3*y - c*y = -513. Calculate the highest common factor of 19 and y.
19
Let r be 1*(2 - 2) - -2. Suppose -r*m + m = 0. Suppose c - 6 - 1 = m. Calculate the greatest common divisor of c and 56.
7
Suppose 0 = 4*k - 205 - 295. Suppose -4*j - 15 = 5, 2*j = -3*q + k. Calculate the greatest common factor of q and 15.
15
Let r = 3 + -6. Let t be 3/(1*r) + 9. Suppose 0 = -5*a, -w - 4*a + 7*a + 24 = 0. Calculate the greatest common factor of t and w.
8
Let d = 61 - 37. Let r be 1*-1 - (-3 - 2). Calculate the highest common divisor of r and d.
4
Suppose 0 - 6 = -a. Let s(q) = -q**3 + 6*q**2 + 3. Let f be s(a). Suppose r + 8 = f*r. What is the greatest common factor of 44 and r?
4
Let n = -53 + 92. What is the greatest common factor of 13 and n?
13
Suppose 0 = 4*k + k - 210. Calculate the highest common factor of 35 and k.
7
Suppose -2*g - 5*d + 759 = 0, 5*g + d + d - 1950 = 0. Let f be 8/36 + g/18. What is the highest common factor of 110 and f?
22
Suppose g = -3, -g - 63 + 10 = -5*d. Let h be (8/12)/(4/30). Calculate the greatest common divisor of h and d.
5
Let m(j) = j**3 + 5*j**2 - 3*j + 7. Let r be m(-5). Let h = 284 - -222. Let n = h - 308. What is the highest common factor of n and r?
22
Let n(q) = 73*q**3 - q**2 + q - 1. Let k be n(1). What is the highest common factor of k and 9?
9
Let i = -419 + 719. What is the greatest common factor of i and 20?
20
Let b be (-7 + (-2 - -4))/(7/(-28)). Calculate the greatest common divisor of 15 and b.
5
Let u be -1*(5/(-10) + 9/(-2)). What is the greatest common factor of 5 and u?
5
Suppose 2*q - 39 = -a - 1, -2*q + 5*a + 50 = 0. Let w(i) = 20*i - 20. Let s be w(6). Calculate the greatest common divisor of s and q.
20
Let h(q) = 5*q + 3. Let c be h(9). What is the highest common divisor of 72 and c?
24
Let o(r) = 4*r - 9*r + 4*r. Let m be o(-1). Calculate the highest common divisor of 4 and m.
1
Let t be 3 + -1 - (-3 - -1). Suppose 0*i - t*i = 0. Suppose 6 = d - i*d. What is the greatest common factor of 3 and d?
3
Let x(p) = p**3 - 10*p**2 - 10*p - 8. Let s be x(11). Let a = -9 - -12. Calculate the highest common factor of s and a.
3
Let k(t) = t**3 + 5*t**2 - t + 12. Let f be k(-5). Calculate the greatest common divisor of f and 51.
17
Let l = -23 + 9. Let o = -10 - l. What is the highest common factor of o and 2?
2
Let d(c) = 20*c - 2. Let m be d(5). Calculate the highest common factor of 14 and m.
14
Let d = -20 - -32. Let a = -19 - -37. Calculate the highest common divisor of a and d.
6
Let t = 36 - 14. Let v = -165 + 253. Calculate the greatest common factor of t and v.
22
Let d(f) = -f**3 + 15*f**2 + 20*f + 17. Let i be d(16). Calculate the highest common divisor of 9 and i.
9
Let g = 92 + -43. What is the greatest common divisor of 7 and g?
7
Let w be (72/(-20))/((-1)/5). Let u = 7 - w. Let y(x) = x**3 + 12*x**2 + 10*x + 1. Let l be y(u). What is the greatest common factor of 132 and l?
12
Suppose 4*j - 18 = 42. What is the highest common factor of j and 10?
5
Let i(v) = -v**2 - v + 52. Let r be i(0). Calculate the greatest common divisor of 78 and r.
26
Suppose 5*m = 3*m + 10, -1 = t - m. Suppose 33 = t*f + 5*n, -3*f + 2*n = 5*n - 27. Calculate the highest common factor of f and 84.
12
Suppose -9*c - 90 = -1179. Calculate the highest common factor of c and 11.
11
Let d(z) = -z**3 + z**2 + 15. Let c be d(0). Let h = c - -11. Calculate the highest common divisor of h and 208.
26
Let x(q) = -q**2 - q - 18. Let j(s) = -s. Let h(b) = j(b) - x(b). Let w be h(0). Calculate the greatest common divisor of w and 45.
9
Let h = 64 + -26. Calculate the greatest common divisor of h and 57.
19
Suppose 0 = 4*i - 2*i + 12. Let a = i - -9. Calculate the greatest common factor of 2 and a.
1
Let o = 8 - 5. Suppose -273 = -o*a - 4*d, -4*a = 3*d + 40 - 404. Suppose i = -l - 0*l + 87, -3*i - a = -l. What is the highest common divisor of 11 and l?
11
Let z(d) = -10*d + 1. Let j be z(-1). What is the greatest common factor of j and 33?
11
Let p(k) = -k**3 - k**2 - 3*k + 1. Let i be p(-3). Let f = 13 + -70. Let l = -15 - f. What is the greatest common factor of i and l?
14
Let t be -3*((-28)/48)/((-4)/(-16)). Calculate the highest common factor of 14 and t.
7
Let o be (-1 - -1)*(1 - 0). Suppose -2*d + 7*d - 15 = o. Let n(w) = 3*w**2 + 1. Let k be n(d). What is the greatest common divisor of k and 42?
14
Let x be (42/10 + 3)*(-20)/(-3). Let o be (3 - 4)*-8*2. Calculate the highest common factor of x and o.
16
Let i = -22 + 34. Let v be (-4)/(-14) - (-116)/(-14). Let a = v + 92. What is the greatest common factor of i and a?
12
Let q be (9/6 + -2)*8. Let z(p) = p**3 + 5*p**2 + 4*p - 2. Let r be z(q). Let u be -17*((0 - r) + -3). What is the greatest common divisor of u and 136?
17
Suppose l - r = 34, -2*l + r = 2*l - 124. What is the highest common factor of l and 12?
6
Let a = -20 - -32. What is the highest common factor of 4 and a?
4
Suppose 19 = 3*c - 8. Let b = c - -1. What is the greatest common factor of 30 and b?
10
Let n be (1 - 0)*7/(-1). Let b(z) = -6*z. Let j be b(n). Calculate the greatest common divisor of j and 6.
6
Let w = -71 - -103. What is the highest common factor of 8 and w?
8
Suppose 4*k + 4 = 6*k. Suppose 0 = -k*n - 2*n + 176. Calculate the greatest common factor of 4 and n.
4
Suppose -49*x + 31*x = -432. Suppose -5 - 10 = -5*h. What is the highest common divisor of h and x?
3
Suppose 4*a + 29 = g, -3*a = -2*g - 13 + 51. What is the highest common divisor of g and 65?
13
Let w = 186 + -109. Let s = 4 - 7. Let i be 0/s - (-8 - -1). Calculate the highest common divisor of w and i.
7
Let r(o) = -2*o + 7. Let k be r(-4). Suppose 0 = 4*c + 3*u - 57, 4